[INFO] cloning repository https://github.com/cortl/rust-imdb-web-scraper
[INFO] running `Command { std: "git" "-c" "credential.helper=" "-c" "credential.helper=/workspace/cargo-home/bin/git-credential-null" "clone" "--bare" "https://github.com/cortl/rust-imdb-web-scraper" "/workspace/cache/git-repos/https%3A%2F%2Fgithub.com%2Fcortl%2Frust-imdb-web-scraper", kill_on_drop: false }`
[INFO] [stderr] Cloning into bare repository '/workspace/cache/git-repos/https%3A%2F%2Fgithub.com%2Fcortl%2Frust-imdb-web-scraper'...
[INFO] running `Command { std: "git" "rev-parse" "HEAD", kill_on_drop: false }`
[INFO] [stdout] ccca316529540f23bbcfc19c82a7305017deae98
[INFO] checking cortl/rust-imdb-web-scraper against master#af3c6e733a40e671550e0f0f5aeecaa13772ba56 for pr-74989
[INFO] running `Command { std: "git" "clone" "/workspace/cache/git-repos/https%3A%2F%2Fgithub.com%2Fcortl%2Frust-imdb-web-scraper" "/workspace/builds/worker-3/source", kill_on_drop: false }`
[INFO] [stderr] Cloning into '/workspace/builds/worker-3/source'...
[INFO] [stderr] done.
[INFO] validating manifest of git repo https://github.com/cortl/rust-imdb-web-scraper on toolchain af3c6e733a40e671550e0f0f5aeecaa13772ba56
[INFO] running `Command { std: "/workspace/cargo-home/bin/cargo" "+af3c6e733a40e671550e0f0f5aeecaa13772ba56" "read-manifest" "--manifest-path" "Cargo.toml", kill_on_drop: false }`
[INFO] started tweaking git repo https://github.com/cortl/rust-imdb-web-scraper
[INFO] finished tweaking git repo https://github.com/cortl/rust-imdb-web-scraper
[INFO] tweaked toml for git repo https://github.com/cortl/rust-imdb-web-scraper written to /workspace/builds/worker-3/source/Cargo.toml
[INFO] crate git repo https://github.com/cortl/rust-imdb-web-scraper already has a lockfile, it will not be regenerated
[INFO] running `Command { std: "/workspace/cargo-home/bin/cargo" "+af3c6e733a40e671550e0f0f5aeecaa13772ba56" "fetch" "--locked" "--manifest-path" "Cargo.toml", kill_on_drop: false }`
[INFO] [stderr]     Blocking waiting for file lock on package cache
[INFO] running `Command { std: "docker" "create" "-v" "/var/lib/crater-agent-workspace/builds/worker-3/target:/opt/rustwide/target:rw,Z" "-v" "/var/lib/crater-agent-workspace/builds/worker-3/source:/opt/rustwide/workdir:ro,Z" "-v" "/var/lib/crater-agent-workspace/cargo-home:/opt/rustwide/cargo-home:ro,Z" "-v" "/var/lib/crater-agent-workspace/rustup-home:/opt/rustwide/rustup-home:ro,Z" "-e" "SOURCE_DIR=/opt/rustwide/workdir" "-e" "CARGO_TARGET_DIR=/opt/rustwide/target" "-e" "CARGO_HOME=/opt/rustwide/cargo-home" "-e" "RUSTUP_HOME=/opt/rustwide/rustup-home" "-w" "/opt/rustwide/workdir" "-m" "1610612736" "--user" "0:0" "--network" "none" "rustops/crates-build-env@sha256:d92eaeed33fa75130ca1ee6c8a01d1ffb62bac859dfdfb3450e3e5d1c0146529" "/opt/rustwide/cargo-home/bin/cargo" "+af3c6e733a40e671550e0f0f5aeecaa13772ba56" "metadata" "--no-deps" "--format-version=1", kill_on_drop: false }`
[INFO] [stdout] 0889705e1a4ad0705b14dbb7874138ae45aeae7639841efd3f9b4cbfd0bf5f3e
[INFO] [stderr] WARNING: Your kernel does not support swap limit capabilities or the cgroup is not mounted. Memory limited without swap.
[INFO] running `Command { std: "docker" "start" "-a" "0889705e1a4ad0705b14dbb7874138ae45aeae7639841efd3f9b4cbfd0bf5f3e", kill_on_drop: false }`
[INFO] running `Command { std: "docker" "inspect" "0889705e1a4ad0705b14dbb7874138ae45aeae7639841efd3f9b4cbfd0bf5f3e", kill_on_drop: false }`
[INFO] running `Command { std: "docker" "rm" "-f" "0889705e1a4ad0705b14dbb7874138ae45aeae7639841efd3f9b4cbfd0bf5f3e", kill_on_drop: false }`
[INFO] [stdout] 0889705e1a4ad0705b14dbb7874138ae45aeae7639841efd3f9b4cbfd0bf5f3e
[INFO] running `Command { std: "docker" "create" "-v" "/var/lib/crater-agent-workspace/builds/worker-3/target:/opt/rustwide/target:rw,Z" "-v" "/var/lib/crater-agent-workspace/builds/worker-3/source:/opt/rustwide/workdir:ro,Z" "-v" "/var/lib/crater-agent-workspace/cargo-home:/opt/rustwide/cargo-home:ro,Z" "-v" "/var/lib/crater-agent-workspace/rustup-home:/opt/rustwide/rustup-home:ro,Z" "-e" "SOURCE_DIR=/opt/rustwide/workdir" "-e" "CARGO_TARGET_DIR=/opt/rustwide/target" "-e" "CARGO_INCREMENTAL=0" "-e" "RUST_BACKTRACE=full" "-e" "RUSTFLAGS=--cap-lints=forbid" "-e" "CARGO_HOME=/opt/rustwide/cargo-home" "-e" "RUSTUP_HOME=/opt/rustwide/rustup-home" "-w" "/opt/rustwide/workdir" "-m" "1610612736" "--user" "0:0" "--network" "none" "rustops/crates-build-env@sha256:d92eaeed33fa75130ca1ee6c8a01d1ffb62bac859dfdfb3450e3e5d1c0146529" "/opt/rustwide/cargo-home/bin/cargo" "+af3c6e733a40e671550e0f0f5aeecaa13772ba56" "check" "--frozen" "--all" "--all-targets" "--message-format=json", kill_on_drop: false }`
[INFO] [stdout] 0347e6af028a98b64eeff8bc8910bbc0100fec9e30f82df26707244c3aa28461
[INFO] [stderr] WARNING: Your kernel does not support swap limit capabilities or the cgroup is not mounted. Memory limited without swap.
[INFO] running `Command { std: "docker" "start" "-a" "0347e6af028a98b64eeff8bc8910bbc0100fec9e30f82df26707244c3aa28461", kill_on_drop: false }`
[INFO] [stderr]    Compiling unicode-xid v0.1.0
[INFO] [stderr]     Checking cfg-if v0.1.9
[INFO] [stderr]    Compiling syn v0.15.43
[INFO] [stderr]    Compiling rand_core v0.4.2
[INFO] [stderr]    Compiling log v0.4.8
[INFO] [stderr]    Compiling siphasher v0.2.3
[INFO] [stderr]    Compiling cc v1.0.38
[INFO] [stderr]    Compiling semver-parser v0.7.0
[INFO] [stderr]    Compiling byteorder v1.3.2
[INFO] [stderr]    Compiling ryu v1.0.0
[INFO] [stderr]    Compiling string_cache_shared v0.3.0
[INFO] [stderr]    Compiling version_check v0.1.5
[INFO] [stderr]     Checking stable_deref_trait v1.1.1
[INFO] [stderr]     Checking itoa v0.4.4
[INFO] [stderr]     Checking matches v0.1.8
[INFO] [stderr]     Checking nodrop v0.1.13
[INFO] [stderr]     Checking slab v0.4.2
[INFO] [stderr]     Checking fnv v1.0.6
[INFO] [stderr]     Checking new_debug_unreachable v1.0.3
[INFO] [stderr]     Checking precomputed-hash v0.1.1
[INFO] [stderr]    Compiling bitflags v1.1.0
[INFO] [stderr]     Checking scopeguard v0.3.3
[INFO] [stderr]     Checking mac v0.1.1
[INFO] [stderr]     Checking utf-8 v0.7.5
[INFO] [stderr]    Compiling memchr v2.2.1
[INFO] [stderr]    Compiling wasm-bindgen-shared v0.2.48
[INFO] [stderr]     Checking percent-encoding v1.0.1
[INFO] [stderr]    Compiling httparse v1.3.4
[INFO] [stderr]    Compiling crc32fast v1.2.0
[INFO] [stderr]     Checking foreign-types-shared v0.1.1
[INFO] [stderr]    Compiling bumpalo v2.5.0
[INFO] [stderr]    Compiling procedural-masquerade v0.1.6
[INFO] [stderr]     Checking try-lock v0.2.2
[INFO] [stderr]    Compiling lazy_static v1.3.0
[INFO] [stderr]    Compiling native-tls v0.2.3
[INFO] [stderr]     Checking adler32 v1.0.3
[INFO] [stderr]     Checking openssl-probe v0.1.2
[INFO] [stderr]    Compiling wasm-bindgen v0.2.48
[INFO] [stderr]     Checking unicode-width v0.1.5
[INFO] [stderr]     Checking bit-vec v0.5.1
[INFO] [stderr]     Checking ego-tree v0.6.0
[INFO] [stderr]     Checking crossbeam-utils v0.6.6
[INFO] [stderr]     Checking try_from v0.3.2
[INFO] [stderr]     Checking owning_ref v0.4.0
[INFO] [stderr]     Checking unicode-bidi v0.3.4
[INFO] [stderr]    Compiling phf_shared v0.7.24
[INFO] [stderr]     Checking rand_core v0.3.1
[INFO] [stderr]     Checking rand_jitter v0.1.4
[INFO] [stderr]     Checking servo_arc v0.1.1
[INFO] [stderr]     Checking tokio-sync v0.1.6
[INFO] [stderr]    Compiling semver v0.9.0
[INFO] [stderr]     Checking dtoa-short v0.3.2
[INFO] [stderr]     Checking futf v0.1.4
[INFO] [stderr]     Checking foreign-types v0.3.2
[INFO] [stderr]    Compiling unicase v2.4.0
[INFO] [stderr]    Compiling error-chain v0.12.1
[INFO] [stderr]     Checking miniz_oxide v0.3.1
[INFO] [stderr]    Compiling proc-macro2 v0.4.30
[INFO] [stderr]     Checking getopts v0.2.19
[INFO] [stderr]     Checking arrayvec v0.4.11
[INFO] [stderr]     Checking rand_isaac v0.1.1
[INFO] [stderr]     Checking rand_hc v0.1.0
[INFO] [stderr]     Checking rand_xorshift v0.1.1
[INFO] [stderr]     Checking lock_api v0.1.5
[INFO] [stderr]     Checking bit-set v0.5.1
[INFO] [stderr]     Checking phf v0.7.24
[INFO] [stderr]     Checking encoding_rs v0.8.17
[INFO] [stderr]     Checking rand_os v0.1.3
[INFO] [stderr]     Checking net2 v0.2.33
[INFO] [stderr]    Compiling rand_pcg v0.1.2
[INFO] [stderr]    Compiling rand_chacha v0.1.1
[INFO] [stderr]     Checking tokio-executor v0.1.8
[INFO] [stderr]     Checking crossbeam-queue v0.1.2
[INFO] [stderr]     Checking idna v0.1.5
[INFO] [stderr]     Checking tendril v0.4.1
[INFO] [stderr]    Compiling rustc_version v0.2.3
[INFO] [stderr]     Checking want v0.2.0
[INFO] [stderr]    Compiling quote v0.6.13
[INFO] [stderr]    Compiling rand v0.6.5
[INFO] [stderr]     Checking mio v0.6.19
[INFO] [stderr]     Checking tokio-timer v0.2.11
[INFO] [stderr]     Checking tokio-current-thread v0.1.6
[INFO] [stderr]     Checking bytes v0.4.12
[INFO] [stderr]     Checking fxhash v0.2.1
[INFO] [stderr]     Checking base64 v0.10.1
[INFO] [stderr]     Checking aho-corasick v0.7.6
[INFO] [stderr]    Compiling memoffset v0.5.1
[INFO] [stderr]    Compiling parking_lot_core v0.4.0
[INFO] [stderr]    Compiling hyper v0.12.33
[INFO] [stderr]    Compiling openssl-sys v0.9.48
[INFO] [stderr]    Compiling backtrace-sys v0.1.31
[INFO] [stderr]    Compiling miniz_oxide_c_api v0.2.3
[INFO] [stderr]     Checking mime v0.3.13
[INFO] [stderr]     Checking url v1.7.2
[INFO] [stderr]    Compiling mime_guess v2.0.1
[INFO] [stderr]     Checking tokio-io v0.1.12
[INFO] [stderr]     Checking http v0.1.18
[INFO] [stderr]     Checking string v0.2.1
[INFO] [stderr]     Checking tokio-buf v0.1.1
[INFO] [stderr]     Checking crossbeam-epoch v0.7.2
[INFO] [stderr]    Compiling phf_generator v0.7.24
[INFO] [stderr]     Checking flate2 v1.0.9
[INFO] [stderr]     Checking uuid v0.7.4
[INFO] [stderr]     Checking cookie v0.12.0
[INFO] [stderr]    Compiling phf_codegen v0.7.24
[INFO] [stderr]    Compiling string_cache_codegen v0.4.2
[INFO] [stderr]     Checking crossbeam-deque v0.7.1
[INFO] [stderr]     Checking regex v1.2.1
[INFO] [stderr]    Compiling selectors v0.21.0
[INFO] [stderr]     Checking parking_lot v0.7.1
[INFO] [stderr]    Compiling openssl v0.10.24
[INFO] [stderr]     Checking backtrace v0.3.34
[INFO] [stderr]     Checking tokio-threadpool v0.1.15
[INFO] [stderr]     Checking tokio-reactor v0.1.9
[INFO] [stderr]    Compiling string_cache v0.7.3
[INFO] [stderr]     Checking tokio-tcp v0.1.3
[INFO] [stderr]     Checking tokio v0.1.22
[INFO] [stderr]     Checking publicsuffix v1.5.2
[INFO] [stderr]     Checking h2 v0.1.26
[INFO] [stderr]     Checking http-body v0.1.0
[INFO] [stderr]    Compiling synstructure v0.10.2
[INFO] [stderr]    Compiling wasm-bindgen-backend v0.2.48
[INFO] [stderr]     Checking hyper-tls v0.3.2
[INFO] [stderr]    Compiling wasm-bindgen-macro-support v0.2.48
[INFO] [stderr]    Compiling serde_derive v1.0.98
[INFO] [stderr]    Compiling cssparser v0.25.8
[INFO] [stderr]    Compiling html5ever v0.23.0
[INFO] [stderr]    Compiling failure_derive v0.1.5
[INFO] [stderr]    Compiling html5ever v0.22.5
[INFO] [stderr]    Compiling cssparser-macros v0.3.5
[INFO] [stderr]    Compiling wasm-bindgen-macro v0.2.48
[INFO] [stderr]     Checking failure v0.1.5
[INFO] [stderr]     Checking serde v1.0.98
[INFO] [stderr]     Checking serde_json v1.0.40
[INFO] [stderr]     Checking serde_urlencoded v0.5.5
[INFO] [stderr]     Checking cookie_store v0.7.0
[INFO] [stderr]     Checking reqwest v0.9.19
[INFO] [stderr]    Compiling markup5ever v0.8.1
[INFO] [stderr]    Compiling markup5ever v0.7.5
[INFO] [stderr]     Checking select v0.4.3
[INFO] [stderr]     Checking scraper v0.10.1
[INFO] [stderr]     Checking web-scraper v0.1.0 (/opt/rustwide/workdir)
[INFO] [stdout] error[E0463]: can't find crate for `web_scraper`
[INFO] [stdout]  --> src/main.rs:1:1
[INFO] [stdout]   |
[INFO] [stdout] 1 | extern crate web_scraper;
[INFO] [stdout]   | ^^^^^^^^^^^^^^^^^^^^^^^^^ can't find crate
[INFO] [stdout] 
[INFO] [stdout] 
[INFO] [stdout] error: aborting due to previous error
[INFO] [stdout] 
[INFO] [stdout] 
[INFO] [stdout] For more information about this error, try `rustc --explain E0463`.
[INFO] [stdout] 
[INFO] [stderr] error: could not compile `web-scraper`.
[INFO] [stderr] 
[INFO] [stderr] To learn more, run the command again with --verbose.
[INFO] [stderr] warning: build failed, waiting for other jobs to finish...
[INFO] [stdout] error[E0463]: can't find crate for `web_scraper`
[INFO] [stdout]  --> src/main.rs:1:1
[INFO] [stdout]   |
[INFO] [stdout] 1 | extern crate web_scraper;
[INFO] [stdout]   | ^^^^^^^^^^^^^^^^^^^^^^^^^ can't find crate
[INFO] [stdout] 
[INFO] [stdout] 
[INFO] [stdout] error: aborting due to previous error
[INFO] [stdout] 
[INFO] [stdout] 
[INFO] [stdout] For more information about this error, try `rustc --explain E0463`.
[INFO] [stdout] 
[INFO] [stdout] warning: trait objects without an explicit `dyn` are deprecated
[INFO] [stdout]   --> src/lib.rs:47:60
[INFO] [stdout]    |
[INFO] [stdout] 47 | fn get_season(season_number: String) -> Result<Season, Box<Error>> {
[INFO] [stdout]    |                                                            ^^^^^ help: use `dyn`: `dyn Error`
[INFO] [stdout]    |
[INFO] [stdout]    = note: `#[warn(bare_trait_objects)]` on by default
[INFO] [stdout] 
[INFO] [stdout] 
[INFO] [stdout] warning: trait objects without an explicit `dyn` are deprecated
[INFO] [stdout]   --> src/lib.rs:94:39
[INFO] [stdout]    |
[INFO] [stdout] 94 | pub fn get_show() -> Result<Show, Box<Error>> {
[INFO] [stdout]    |                                       ^^^^^ help: use `dyn`: `dyn Error`
[INFO] [stdout] 
[INFO] [stdout] 
[INFO] [stdout] warning: trait objects without an explicit `dyn` are deprecated
[INFO] [stdout]   --> src/lib.rs:47:60
[INFO] [stdout]    |
[INFO] [stdout] 47 | fn get_season(season_number: String) -> Result<Season, Box<Error>> {
[INFO] [stdout]    |                                                            ^^^^^ help: use `dyn`: `dyn Error`
[INFO] [stdout]    |
[INFO] [stdout]    = note: `#[warn(bare_trait_objects)]` on by default
[INFO] [stdout] 
[INFO] [stdout] 
[INFO] [stdout] warning: trait objects without an explicit `dyn` are deprecated
[INFO] [stdout]   --> src/lib.rs:94:39
[INFO] [stdout]    |
[INFO] [stdout] 94 | pub fn get_show() -> Result<Show, Box<Error>> {
[INFO] [stdout]    |                                       ^^^^^ help: use `dyn`: `dyn Error`
[INFO] [stdout] 
[INFO] [stdout] 
[INFO] [stdout] warning: the feature `proc_macro` has been stable since 1.29.0 and no longer requires an attribute to enable
[INFO] [stdout]  --> src/lib.rs:1:12
[INFO] [stdout]   |
[INFO] [stdout] 1 | #![feature(proc_macro, wasm_custom_section, wasm_import_module)]
[INFO] [stdout]   |            ^^^^^^^^^^
[INFO] [stdout]   |
[INFO] [stdout]   = note: `#[warn(stable_features)]` on by default
[INFO] [stdout] 
[INFO] [stdout] 
[INFO] [stdout] error[E0635]: unknown feature `wasm_import_module`
[INFO] [stdout]  --> src/lib.rs:1:45
[INFO] [stdout]   |
[INFO] [stdout] 1 | #![feature(proc_macro, wasm_custom_section, wasm_import_module)]
[INFO] [stdout]   |                                             ^^^^^^^^^^^^^^^^^^
[INFO] [stdout] 
[INFO] [stdout] 
[INFO] [stdout] error[E0635]: unknown feature `wasm_custom_section`
[INFO] [stdout]  --> src/lib.rs:1:24
[INFO] [stdout]   |
[INFO] [stdout] 1 | #![feature(proc_macro, wasm_custom_section, wasm_import_module)]
[INFO] [stdout]   |                        ^^^^^^^^^^^^^^^^^^^
[INFO] [stdout] 
[INFO] [stdout] 
[INFO] [stdout] warning: the feature `proc_macro` has been stable since 1.29.0 and no longer requires an attribute to enable
[INFO] [stdout]  --> src/lib.rs:1:12
[INFO] [stdout]   |
[INFO] [stdout] 1 | #![feature(proc_macro, wasm_custom_section, wasm_import_module)]
[INFO] [stdout]   |            ^^^^^^^^^^
[INFO] [stdout]   |
[INFO] [stdout]   = note: `#[warn(stable_features)]` on by default
[INFO] [stdout] 
[INFO] [stdout] 
[INFO] [stdout] error[E0635]: unknown feature `wasm_import_module`
[INFO] [stdout]  --> src/lib.rs:1:45
[INFO] [stdout]   |
[INFO] [stdout] 1 | #![feature(proc_macro, wasm_custom_section, wasm_import_module)]
[INFO] [stdout]   |                                             ^^^^^^^^^^^^^^^^^^
[INFO] [stdout] 
[INFO] [stdout] 
[INFO] [stdout] error[E0635]: unknown feature `wasm_custom_section`
[INFO] [stdout]  --> src/lib.rs:1:24
[INFO] [stdout]   |
[INFO] [stdout] 1 | #![feature(proc_macro, wasm_custom_section, wasm_import_module)]
[INFO] [stdout]   |                        ^^^^^^^^^^^^^^^^^^^
[INFO] [stdout] 
[INFO] [stdout] 
[INFO] [stdout] error: aborting due to 2 previous errors; 3 warnings emitted
[INFO] [stdout] 
[INFO] [stdout] 
[INFO] [stdout] For more information about this error, try `rustc --explain E0635`.
[INFO] [stdout] 
[INFO] [stdout] error: aborting due to 2 previous errors; 3 warnings emitted
[INFO] [stdout] 
[INFO] [stdout] 
[INFO] [stdout] For more information about this error, try `rustc --explain E0635`.
[INFO] [stdout] 
[INFO] [stderr] error: build failed
[INFO] running `Command { std: "docker" "inspect" "0347e6af028a98b64eeff8bc8910bbc0100fec9e30f82df26707244c3aa28461", kill_on_drop: false }`
[INFO] running `Command { std: "docker" "rm" "-f" "0347e6af028a98b64eeff8bc8910bbc0100fec9e30f82df26707244c3aa28461", kill_on_drop: false }`
[INFO] [stdout] 0347e6af028a98b64eeff8bc8910bbc0100fec9e30f82df26707244c3aa28461
